9 - (12 + -2 + -6))?
8
What is the value of 8 + (-10 + 9 - (1 - -2)) + -29?
-25
Evaluate 1 + -8 + -42 + 42 + 3.
-4
Evaluate -5 - (16 - (-3 + 44)).
20
What is the value of -1 + 5 - (4 - (-15 - -11)) - 7?
-11
Evaluate -5 + 16 + (2 - 13).
0
Evaluate 2 - (-22 - -12) - (1 + 6).
5
Evaluate -40 + 36 + 12 + 3 + 18 + 0.
29
What is the value of 1 + -24 - (-23 + -6 + 19)?
-13
Calculate -5 + 0 + -7 + 14 + 4.
6
What is the value of (30 - 14) + -70 - (-16 + -1)?
-37
What is the value of (-1 - (6 - (-4 - -4))) + 16?
9
-4 + (11 - 6) + 6 - (0 - -5)
2
(-1 - 8 - 1 - (279 + -283)) + -9
-15
-18 + -7 + 19 + 24 + -13
5
Evaluate -5 + 2 + 1 + 19 + 5 - 7.
15
What is -58 - (9 - 39) - -34?
6
Evaluate -11 - (39 + -3 + -16).
-31
What is -38 + 38 + (-4 - (-5 - 4))?
5
Evaluate (-6 - (0 + -9)) + -8 + 5.
0
-5 + (-15 - -16) - -19
15
Evaluate (1 - -7) + 6 + -13.
1
Calculate -11 + 14 - 14 - -14.
3
Calculate -13 + -3 + (16 - 6).
-6
Calculate (8 - 7) + 19 + (0 - 8).
12
Evaluate 28 - 26 - (-2 - 0 - (9 + -9)).
4
What is the value of 9 - -12 - (28 + -6)?
-1
Calculate 6 - (-6 + 16 + 0) - (-4 - -10).
-10
Evaluate 1 - (9 - 1 - 0) - 9.
-16
What is the value of -1 + 9 + (5 - (-14 - -19)) + -23?
-15
What is 8 - (4 - -5) - -10 - 13?
-4
What is the value of -4 + 9 + (-8 - -2) - 2?
-3
What is the value of 15 + -21 - (-5 + -1 - (-34 - -6))?
-28
What is 8 - 3 - ((-6 - -2) + -38 + 46)?
1
What is the value of -12 + (-5 - (-14 - 10 - 6))?
13
Calculate (-18 + 0 - 0) + 10 + -26 + 22.
-12
What is -127 - -123 - (3 + 0 + -5)?
-2
-9 + -4 + 9 + -17 + 10 - 21
-32
What is (36 + -45 - (-11 + 1)) + -1?
0
What is (9 - 27) + 9 + -10?
-19
-18 + 23 + 54 - 32
27
Calculate 6 + -13 + 0 + 7 + 6.
6
Calculate 0 - 6 - (12 + -17 + (-21 - -2)).
18
16 - 14 - (-2 + (3 - 1 - 3))
5
What is -1418 - -1417 - (35 + -2)?
-34
What is the value of (-703 - -688) + (15 - (-1 - -1))?
0
What is the value of (7 - 15) + 18 + -19 + -2?
-11
Evaluate (14 + -16 - -5) + (-6 - -1 - -3).
1
What is the value of (-10 - 1) + -12 + 25?
2
Evaluate 1 - -1 - 11 - (80 - 102).
13
What is the value of -1 + -27 - (-504 + 490)?
-14
Evaluate -11 - -2 - (-8 + -9 + 4).
4
Evaluate (-318 - -297) + (1 - 0 - -9).
-11
What is 16 + (-25 - (-27 - -15))?
3
-37 + 18 + 27 + (-1 - -3)
10
-7 + (-12 - -13) + (-8 - -3 - 4)
-15
What is the value of 1 - (22 + (-6 - (-8 + 1)) + -11)?
-11
What is the value of (1 - -5) + -1 + 3 + 0 + -6?
2
What is the value of 258 + -278 + (2 - -25)?
7
Calculate (0 - 9 - (-32 - (-21 - 2))) + 3.
3
Evaluate 15 + -4 - (8 + -1 + (33 - 45)).
16
Calculate (-2 - (2 + -5 - 6)) + 28 + -29.
6
Calculate 33 - (29 + -6 - -18).
-8
Calculate 4 + -13 + (4 - -5).
0
Evaluate (0 - 1) + 3 + -7 + -8 + 23.
10
-19 + -8 + 14 + 4
-9
What is the value of -14 + (3 - (-6 - -6 - 7))?
-4
Evaluate -34 - (-42 - -4 - -25).
-21
Calculate -17 - (3 - (7 + -7)).
-20
(19 - (-8 + 27)) + -20
-20
What is the value of (1 + 0 - (-3 + 19 + -14)) + 0?
-1
What is -7 - (-11 + -1 - (0 + -5))?
0
3 + 12 - (-10 - (-39 - -39))
25
Calculate -9 + (39 - 46 - (-6 + 0)) - -1.
-9
Evaluate 14 + -29 + 0 + -3 + 5 - 12.
-25
9 - 1 - (31 + -30 + 8)
-1
What is -14 + -9 + 41 + -40?
-22
What is the value of 9 + 1 - (-11 - -20)?
1
What is the value of -23 - (-21 + -11) - (-1 + 12)?
-2
-2 + (10 + 0 - 3)
5
What is the value of (-13 - -3) + -32 + 10 + 16?
-16
Calculate 21 + -9 + -11 + 8.
9
Evaluate (-13 - (-6 + -6) - -3) + 2.
4
Evaluate 16 + -9 + (-6 - (2 + 0)).
-1
Evaluate 0 + -4 + 3 + (-9 - (-9 - 14)).
13
What is (-7 - -4 - (-4 - 2)) + -1 - -2?
4
Evaluate 4 - (-2 + (8 + -3 - (4 + -6))).
-1
Calculate -34 - -22 - (9 + -8) - 7.
-20
(12 - 6) + (-9 - 0)
-3
What is the value of (69 - 84) + 2 + 0 + -7?
-20
Evaluate (-2 - 8) + 4 - (131 + -135).
-2
What is 6 - (55 + -11) - -21?
-17
What is the value of -8 + (-6 - 1 - 3)?
-18
Evaluate -94 + 114 - (17 - 3).
6
What is the value of (18 - 13) + -22 + 8?
-9
What is the value of 12 + (-2 - 17) - (-29 - 1) - 6?
17
What is (-47 - -32) + 26 + -4?
7
Evaluate 8 + (11 - 32) + (-2 + 4 - -4).
-7
What is the value of 4 + (-24 + -13 - -19)?
-14
What is the value of 16 + -14 + 1 + -11?
-8
Calculate (22 + -9 - -4) + -15.
2
Calculate 1 + (8 + -4 + -5 + 4 - 1).
3
What is the value of 158 + -155 - (6 + 1) - -28?
24
Evaluate -11 + 0 - (-38 + -2 + (-16 - -18)).
27
What is the value of (28 - 11 - 18) + 4?
3
4 + -6 + (-2 + 23 - -2)
21
What is -979 + 1008 - (0 + 47)?
-18
(-2 - (0 - 0)) + (14 - 22)
-10
What is 457 + -467 + 21 + 1?
12
Evaluate -2 - -1 - (-141 + 103 + 24).
13
What is 2 + 19 + -15 + 11 - -13?
30
Calculate -5 + 3 + 22 + -27 + (-1 - 4).
-12
Calculate 5 - ((16 - 13) + -9) - -14.
25
Calculate -14 + 13 + 7 + 3 - (1 + 1).
7
23 - (38 + 10) - -12
-13
Evaluate -26 + 0 + 0 - (-53 - (79 - 140)).
-34
39 + -66 + 28 + -13 + (-2 - 0)
-14
-6 - (-30 + -9 + 19)
14
What is -3 - 37 - (-17 + 2 + -8 + 11)?
-28
-4 + 3 + 6 + -8 + 6
3
-4 + (9 + -9 + 15 + -7 - -18)
22
What is 13 + (-12 - -29) + -36?
-6
Evaluate -1 - -83 - 87 - (-27 + 1).
21
Calculate -32 + 22 + (1 - (7 - -5)).
-21
(2 - 15) + (74 - 4 - 33)
24
What is the value of (0 - 2) + 1 - (-26 + 40 - -7)?
-22
-2 - 32 - (-261 + 242)
-15
Evaluate 1 + -1 + -124 + 134 + -1 + -4.
5
Calculate (0 - 6) + -159 + 175.
10
What is the value of -198 + 198 + (-2 + 2 - -7)?
7
Calculate 0 - (9 - 13) - (12 + -28).
20
What is -4 + (2 - 18) + (-3 + -16 - -27)?
-12
(31 - 7 - (-5 - -18)) + -9
2
What is the value of -15 - -3 - (10 + -15)?
-7
1 - (-2 + 1) - (633 - 624)
-7
What is -22 - -3 - (-33 + 24 - 6)?
-4
Evaluate 3 + (-7 - -9) + -7 - (-1 - -3).
-4
What is -36 + 30 + (-5 - 1)?
-12
What is the value of -5 + 19 - 14 - -3 - -6?
9
27 + -1 + (5 - (-3 - 4) - 17)
21
What is the value of 7 - -2 - (-18 - -27)?
0
What is the value of 96 + -99 + 47 + (-1 - 18)?
25
Evaluate 17 + 26 + -26 + 1.
18
-2 - (-1 - (5 - 0)) - -8
12
Calculate (7 - -2) + 11 + -20 + 19.
19
Evaluate 16 - (-18 + 24 - (1 + 2)).
13
Calculate 1 + -6 - (-3 - (11 + -18 + 11)).
2
Calculate -4 + (-4 - -7 - -11) + -8 + 10.
12
Calculate -1 + (9 + 9 - 16).
1
What is (-1 - (-16 + 44)) + 7 - 0?
-22
What is -11 - (15 - (30 - 22))?
-18
Evaluate -3 - (-5 - 1 - (6 - (15 + -16))).
10
Calculate (0 - 0) + ((-4 - 6) + 9 - -13).
12
Evaluate (211 - 223) + -6 + 0 + 48.
30
What is the value of 1 + -20 - (380 + -399)?
0
Calculate -20 - -15 - (-7 - -1).
1
14 + 2 + -21 + 14
9
Calculate -4 + (8 + -20 - (-1 - (6 - 5))).
-14
-29 + 15 + (-5 - -10)
-9
Evaluate -1 + 27 + (14 - 22) + -15 + 25.
28
Calculate 245 + -233 - (5 + 1).
6
(14 - 27) + 14 + 4
5
What is the value of 15 - (-12 + -3 + 22)?
8
What is the value of (13 - 36 - (2 + -14)) + 24?
13
(-1 - -8 - (27 - 22)) + 5
7
Calculate -8 + 11 - -9 - 0.
12
Evaluate -8 + (-4 - (2 + -8 + -5)).
-1
0 + -6 + (13 - 10) + (2 - -18)
17
Calculate -10 + (10 - 1 - (21 - 15)).
-7
Evaluate (29 - -4) + -28 + 13.
18
What is the value of -1 - 2 - (56 + -24 - 28)?
-7
What is (15 + 77 - 24) + -36?
32
Calculate (28 - (32 + -3)) + 18.
17
Evaluate -18 + 2 + -2 - (47 + -59).
-6
Evaluate 15 + -3 + 14 + -16 + -5.
5
Calculate -10 + 14 + 1 + -21 + 34 + -32.
-14
Calculate 2 + -52 + (9 - -3) + 3.
-35
What is the value of -1 + -9 + 2 + -120 + 126?
-2
What is 0 + (16 - -2 - 7) + 6?
17
What is (0 - -1) + -2 + 23 + -14?
8
Calculate 14 - 5 - 0 - -1.
10
Evaluate (2 - 8) + -10 - -6.
-10
What is -17 + (-154 - -165) + 0 + -18?
-24
What is 1 + (9 - 15 - 1) + 1?
-5
Calculate 50 - (-39 + 59) - 45.
-15
What is the value of -35 + 47 - (-9 + (1 - (-2 - 4)))?
14
Calculate (-9 - -27) + (6 - (5 - -35)).
-16
What is 34 + -10 + -7 + (-7 - -1)?
11
What is 34 + 1 - (5 + 6 + (4 - 10))?
30
Calculate -11 + 12 - (16 - 10).
-5
(-5 - -12 - 5) + (-4 - -6)
4
13 - (4 + 12 + -8) - 12
-7
Calculate 0 + -71 + 52 + (-2 - 0 - 2).
-23
Evaluate -2 + 18 + -9 + (10 - (21 + -12)).
8
What is the value of 30 + (19 - 43 - -13)?
19
What is the value of 3 - (0 + 4 - -4 - 9)?
4
Evaluate 6 + (-11 - (-9 - 5)).
9
Calculate 6 + 11 + -7 - (-1 + 6).
5
Evaluate -2 - (18 + (-87 - -37)).
30
Evaluate (-4 - (-20 + 7)) + (-1 - 3).
5
Calculate (-99 - -90) + (8 - -1).
0
Calculate 85 + -78 + (-4 - (1 + 2 - -19)).
-19
Calculate (13 - -8 - 8) + -20.
-7
15 + 20 + -20 + -9 + 1 + 6
13
Evaluate (-1 - -2) + -9 + -13 + 11.
-10
-2 + 7 - ((-7 - -3) + 1 - 0)
8
Calculate 4 - (0 + (-14 - -11) - -35).
-28
What is the value of 4 + 4 + 17 + -37 + 1 + -6?
-17
Calculate 33 + 16 + -30 - ((0 - -5) + 1).
13
E